0 = 2*g + n*g - 104. List the prime factors of g.
2, 13
Suppose 0 = 11*n - 8*n - 570. What are the prime factors of n?
2, 5, 19
Let r be 20/(-16) + (-2)/(-8). Let t(i) = 2*i**2 - 2*i - 1. Let c be t(r). Suppose 21 = u - 4*y, 0 = -3*u + c*y + 35 + 10. List the prime factors of u.
13
Suppose 0 = -m - 39 + 111. Suppose 3*j = -3 + m. What are the prime factors of j?
23
Suppose 3*z - 15 = -0*z. What are the prime factors of z?
5
Let j(q) = -3*q**2 + 0*q**3 - 3*q**2 - 5*q**3 + 2 + 5*q + 4*q**3. List the prime factors of j(-7).
2
Let k(b) = -2*b. Let t(l) = -3*l - 1. Let n(m) = 5*k(m) - 2*t(m). Let h be -2*-1*1*-1. What are the prime factors of n(h)?
2, 5
List the prime factors of -4 - (2/8 + (-6654)/24).
3, 7, 13
Suppose -5*d + 270 = -8*d. List the prime factors of (-12)/d - 669/(-45).
3, 5
Let v(j) = 9*j + 3. Let u(a) = 10*a + 4. Let f(y) = 2*u(y) - 3*v(y). List the prime factors of f(-2).
13
Let i(s) = -1. Let r(u) = u - 2. Let n(c) = -6*i(c) + r(c). List the prime factors of n(6).
2, 5
Let s(y) = 2*y**2 + y. Let m be s(1). Suppose -m*t = -2 - 4. What are the prime factors of t?
2
Let o be (5/3)/(2/(-6)). Let h = 20 + -3. Let c = o + h. What are the prime factors of c?
2, 3
Suppose 0*z = z - 5*u - 40, 2*z = -3*u + 80. What are the prime factors of z?
2, 5
Let q = -11 + 15. Suppose -2*y - 2*y + 60 = 2*m, q*m = -5*y + 81. What are the prime factors of y?
13
Let t(k) = k**3 + 11*k - 2. List the prime factors of t(6).
2, 5, 7
Let p = -5 + 8. Suppose 0 = p*u - 0*u - 180. Suppose u = 3*s + 2*s. What are the prime factors of s?
2, 3
Suppose 0 = 5*j - 501 - 774. What are the prime factors of j?
3, 5, 17
List the prime factors of 3020/50 - (-4)/(-10).
2, 3, 5
Let c be -1 + -7 - (-2 - -1). Let k(q) = q**3 + q**2 - q + 1. Let u(x) = 4*x**3 + 9*x**2 - 12*x - 1. Let g(s) = -3*k(s) + u(s). List the prime factors of g(c).
2, 5
Let u(p) = p + 2. Let i be u(-4). What are the prime factors of (2 - (-52)/(-8))*i?
3
Suppose 2*g - 24 = g. Suppose 0 = -u - x + 6*x + 24, g = 3*u - 3*x. Suppose -5*y - 2*a + 5*a = -22, u*y - 16 = 2*a. What are the prime factors of y?
2
Suppose -5*o = -2*o - 354. What are the prime factors of o?
2, 59
Let l = 103 - 10. What are the prime factors of l?
3, 31
Suppose 0*o + 72 = 4*o. What are the prime factors of o?
2, 3
Suppose 2*u + 16 = p, -2*u + 0*p = 2*p + 10. Let f = u + 9. Suppose -i + f*i = 9. List the prime factors of i.
3
Let t(b) = 3*b - 14. Suppose 0 = -3*f + 2*f + 10. What are the prime factors of t(f)?
2
Suppose 2*c = 2*h - 8 - 48, -3*h - 4*c + 63 = 0. What are the prime factors of h?
5
Let k = 264 - 165. List the prime factors of k.
3, 11
Let v(n) = -n**2 + 2*n + 4. Let x be v(4). Let l(t) = t**2 - 7*t - 11. Let a be l(8). List the prime factors of (3 - -8) + (a - x).
2, 3
Suppose f = -0*f - 1. Let l(y) = 9*y**2 - 2*y - 1. What are the prime factors of l(f)?
2, 5
Suppose 3*a - 5 - 7 = 0. Suppose -16 = -0*q - a*q. Suppose 2*b = -4*m + 34, 0*b + 4*b = -q*m + 52. What are the prime factors of b?
3
Suppose -4*q + 6*q = -5*n + 91, -105 = -5*n + 5*q. What are the prime factors of n?
19
Let h(r) = r**3 - 7*r**2 + 6*r + 3. Let i be h(6). Let n(s) be the first derivative of -s**4/4 + 4*s**3/3 + 3*s + 3. What are the prime factors of n(i)?
2, 3
Suppose 3*s - 800 = -2*c, 830 = 3*s - 5*c + c. List the prime factors of s.
2, 3, 5
Let m(n) = 4*n + 2 + 1 - 1 + 2*n**2. Let h be m(-4). Suppose -h = -d - 2*d. What are the prime factors of d?
2, 3
List the prime factors of 24/(-132) - 246/(-22).
11
Suppose 0*k = 4*k - 3*t - 28, -3*k + 24 = -3*t. Suppose 0 = u + k*f + 4, -4*u + u + 8 = 2*f. What are the prime factors of u?
2
Suppose 5*x - 255 = -0*x. List the prime factors of x.
3, 17
Let a(q) = -q**3 - 3*q**2 + 3. Let b be a(3). Let w = b + 92. What are the prime factors of w?
41
Suppose q + q + 150 = 5*a, q - 150 = -5*a. List the prime factors of a.
2, 3, 5
Let q be (3 + -216)*(-2)/6. Let o = q - 48. What are the prime factors of o?
23
Let k be 24/3*6/1. Suppose k = 4*m - 0*m. List the prime factors of m.
2, 3
Let n = -9 + 5. List the prime factors of n/(-4)*(5 + 0).
5
Let l(n) = -11*n - 2. Let r(w) = -8*w + 2 - 3*w - 5. Let i(c) = -3*l(c) + 2*r(c). What are the prime factors of i(1)?
11
Suppose -3*s - 2*s = -q - 25, -3*q = 4*s - 1. Let v be ((-144)/56)/((-3)/14). Suppose v = -s*h + 64. What are the prime factors of h?
13
Let y(v) = v**2 - 2*v. Let a be y(-3). Suppose 0 = 2*d - 7 - a. What are the prime factors of d?
11
Let o = 26 + -21. List the prime factors of o.
5
Let s be (-18)/(-4) + (-2)/(-4). Suppose s*i - 28 = i. What are the prime factors of i?
7
Suppose 5*y + x + 2*x = 235, 4*y - 188 = -5*x. List the prime factors of y.
47
Let x(y) = 2*y**3 + y**2 - 3*y - 11. Let a(m) = m**3 - 2*m - 5. Let k(h) = 5*a(h) - 2*x(h). What are the prime factors of k(4)?
13
Let f be (1*-25)/(-5 - -4). Suppose 5*h + 0*h = f. Suppose -h*y + 41 - 16 = 0. List the prime factors of y.
5
Suppose x + 3*q = -x - 6, 3*x + 10 = -5*q. Suppose 3*r = -x*r + 18. Let t = r - 0. List the prime factors of t.
2, 3
Let v(y) = y**2 - 4*y + 3. Let u be v(3). Suppose u*f = -2*f. Suppose -3*x + 12 = -f*x. List the prime factors of x.
2
Suppose 0 = 7*t - 3*t - 80. Suppose -7*a + 3*a - 4*d + 20 = 0, 0 = 4*d + t. List the prime factors of a.
2, 5
Let p = -7 - -10. Suppose -29 - 13 = -p*g. List the prime factors of g.
2, 7
Suppose -2*s = 4*r - 4, -3*s + 8 = -5*s. What are the prime factors of r?
3
Suppose 2*z - 4 - 4 = 0. Let d be 1*54 + z + -2. Suppose -2*h - 2*h = -d. List the prime factors of h.
2, 7
Suppose 0 = -2*b + 3*b. Suppose b = 5*s - 24 - 11. What are the prime factors of s?
7
Let f be 1 - 218/(-4)*2. Suppose -h + 43 = i - 6*h, 3*i = -4*h + f. List the prime factors of i.
2, 19
Let h(q) = 14*q**2 - q - 4. What are the prime factors of h(2)?
2, 5
Let q(u) be the third derivative of u**5/60 + u**4/4 - 11*u**3/6 - u**2. Let t be q(-8). Suppose -t*l + 16 = -4. What are the prime factors of l?
2
What are the prime factors of 20/(-35)*(-14)/4?
2
Let h(a) = -a**3 + 3*a**2. Suppose 5*x = 2*z - 64, -x + 6*x - z = -62. Let q be (x/(-15))/(6/15). What are the prime factors of h(q)?
2
Suppose 0 = 5*n - 0*n - 75. Let r be (-2 + n/12)*-4. Suppose q = -r*q + 36. What are the prime factors of q?
3
Let l = -2 - -7. Suppose -5*c = -l*d + 3*d + 25, d + 5 = -c. Let g = 3 + d. What are the prime factors of g?
3
Let u(k) = -1 - 8 - 3*k + 4 + 3*k**2. List the prime factors of u(-4).
5, 11
Let p(f) = 3*f + 3*f + 4 + 3*f. What are the prime factors of p(3)?
31
Suppose 4*t - r - 4 = 0, 0 = t + 2*t + 5*r - 3. Suppose -o + t = 2. List the prime factors of (o/(-1))/((-6)/(-12)).
2
Suppose 0 = -8*f + 3*f. Let l be 9/3 + -1 + f. Suppose 0 = -0*b - l*b + 42. List the prime factors of b.
3, 7
Suppose 0 = -3*g + g - 14. Let d = g + 12. List the prime factors of d.
5
Suppose 3*z = 47 - 8. List the prime factors of z.
13
Let g(a) = a**3 - 2. Suppose 2*d + 5*w = 3*w + 10, 5*d + 2*w - 19 = 0. Let f be g(d). Let j = f - 11. List the prime factors of j.
2, 7
Let y(x) = x**3 - 8*x**2 + 6*x - 1. Let v be y(7). Let z = -4 - v. List the prime factors of z.
2
Let i be 1144/16 + 3/(-2). Suppose -5*s - c = -154, 5*c - 49 - i = -4*s. List the prime factors of s.
31
Let x(t) = 3*t**2 + 3*t + 3. Let r be (1 - 8/2)/(-1). List the prime factors of x(r).
3, 13
Let q = -9 - -17. Suppose 7 = -d + 3. What are the prime factors of q/d*(-6)/4?
3
Suppose -g - x = 2 - 3, -2*g - 5*x - 10 = 0. Suppose g*m = 32 - 12. What are the prime factors of m?
2
Suppose -a + 209 = 2*p, -p - 1 = a - 103. List the prime factors of p.
107
Let q(w) be the first derivative of w**4/4 + 8*w**3/3 + w**2/2 + 11*w + 1. Suppose 41 + 3 = -5*s - 2*j, 2*s = j - 14. What are the prime factors of q(s)?
3
Suppose 2*n = -m + 37, -3*n + 2*m + m = -60. What are the prime factors of n?
19
Suppose -6 = 5*a - 8*a. Let f(g) = 10*g**3 - 1. Let y(m) = -10*m**3 + m + 1. Let t(w) = a*y(w) + 3*f(w). What are the prime factors of t(1)?
11
Let t = 11 + -12. Let u be t*(-3 - 3/(-1)). Suppose -3*h - 5*z + 55 = -3*z, u = h + 2*z - 13. List the prime factors of h.
3, 7
Let u(l) = -l**3 + 4*l**2 + 2*l - 3. Let x be u(4). Let o(g) = g**2 - g. List the prime factors of o(x).
2, 5
Suppose -2*l - 16 = -6*l. Suppose -20 = l*u, -17 = -0*z - 3*z + u. Suppose 6 = z*b - b. What are th